ed by r.
0
Let u = -3752 - -4890. Calculate the remainder when u is divided by 8.
2
Let f(t) = -3*t - t**2 + t**2 + 5 + t**2. Let l be f(0). Let x(n) = 3*n - 10. Calculate the remainder when 18 is divided by x(l).
3
Suppose -60*o + 74*o = 18788. Calculate the remainder when o is divided by 21.
19
Let y = 10038 + -9945. What is the remainder when 250 is divided by y?
64
What is the remainder when -18*4/((5 + -4)*4/(-32)) is divided by 122?
88
Suppose -2*t = -5*c - 72, -4*t + 765*c + 116 = 769*c. What is the remainder when 1141 is divided by t?
25
Let m(w) = 2*w**3 + 42*w**2 + 39*w - 16. Let i be m(-20). Suppose -3*x - i*k + 166 = 0, 99 + 185 = 5*x + 3*k. What is the remainder when 178 is divided by x?
4
Suppose 2*j = 2*c + c + 447, 2*j - 452 = 2*c. Let r = -168 + j. Calculate the remainder when r is divided by 17.
12
Suppose c = -0*c - 3*w + 147, 2*c - w = 329. Calculate the remainder when c is divided by 100.
62
Suppose 57*l - 184 = 1184. Calculate the remainder when 638 is divided by l.
14
Suppose -112152 = -258*q + 190740. Calculate the remainder when q is divided by 64.
22
Suppose -55*n + 20248 = -114447. What is the remainder when n is divided by 47?
5
Suppose 0 = 5*i - 4*b - 81, -83 + 103 = -5*b. Calculate the remainder when 2235 is divided by i.
12
Suppose -40*q = -38*q - 102. Suppose -6*d + 69 = -q. Calculate the remainder when 55 is divided by d.
15
Suppose -4*z + g = -59, -2*z + 3*z + 4*g = 36. What is the remainder when z is divided by 2 - (2 - 5 - 3)?
0
Suppose p - 137*p = 2176. Let r(l) = -l**3 - 5*l**2 + 3*l - 3. Let v be r(-6). What is the remainder when 67 is divided by (1*-17)/(v + p)?
16
Suppose -13*z - 17*z = -330. Calculate the remainder when 10063 is divided by z.
9
Suppose -2*q + 20 = 2*q + 5*s, -2*q + 3*s + 32 = 0. Calculate the remainder when (26 + -27)*-54*(-5)/(-2) is divided by q.
5
Let k(m) = -24 - 4*m + 6*m - 5 + 3*m. What is the remainder when 190 is divided by k(7)?
4
Let x(u) = -3*u**2 - 32*u - 11. Let g(c) = 31*c - 240. What is the remainder when g(14) is divided by x(-10)?
5
Let w = -297 - -315. What is the remainder when 580 is divided by w?
4
Let q(u) = -u**3 + 9*u**2 + 7*u + 22. Let l be (-1)/4 - 3/(-36)*-1401. Let b = l + 165. What is the remainder when q(8) is divided by b?
46
Let h = -31245 - -31279. Calculate the remainder when 426 is divided by h.
18
Let t(l) = l**3 + 17*l**2 - 37*l - 158. Calculate the remainder when 1385 is divided by t(-16).
5
Let q(k) = 25 - 113 + 36 - 16*k + 56 + 60. What is the remainder when 207 is divided by q(3)?
15
Suppose 2*x + p - 8807 = 0, 0 = -3*x + 5*p + 18269 - 5026. Calculate the remainder when x is divided by 63.
59
Let m = 24 - 24. Suppose m = -4*o + 5 + 11, -2*d = -2*o - 60. What is the remainder when 88 is divided by d?
20
What is the remainder when 128 is divided by 13*(0 + (13 - 12))?
11
Let g = 151 - 142. Let d(i) = i**3 - i**2 - 5*i - 6. Let w be d(-3). Let c = w + 28. Calculate the remainder when g is divided by c.
0
Let s = 24 - 24. Calculate the remainder when (s + -3)/(-9) - 1720/(-15) is divided by 39.
37
Suppose 19 = p - 3*w, p - 5*w - 41 = -2*p. Suppose 5*y = 4*y + p. Calculate the remainder when -54*(-1 + 2/4) is divided by y.
6
Suppose 0 = 2*d - n - 388, -3*n + 208 = -7*d + 8*d. Let u = 210 - d. What is the remainder when 235 is divided by u?
11
Let y be ((-52)/(-13) - 1)*(-10)/(-3). Suppose -8*b - 442 = -y*b. What is the remainder when b is divided by 78?
65
Let v = 35 + -32. Suppose -117 = -v*s - 0*s. Suppose -28 = -2*i + 4*j, 2*i + 5*j + 7 = i. What is the remainder when s is divided by i?
7
What is the remainder when ((-480)/(-56) - 6)*910/15 is divided by 9?
3
Suppose -17 = -5*b - 2*q + q, b + 2*q - 7 = 0. Suppose 0 = z + 1, -b*n + 78 + 32 = z. Suppose 491 - 131 = 5*x. What is the remainder when x is divided by n?
35
What is the remainder when 321 is divided by (212/(-371))/((-2)/413)?
85
Let y(x) = -52*x - 21. Let b(s) = -s**3 + 8*s**2 - 8*s + 9. Let z be b(7). What is the remainder when y(-2) is divided by 22 + -1 - (2 + z)?
15
Let h(o) be the third derivative of o**5/30 + 25*o**4/12 - 16*o**3/3 + 193*o**2. What is the remainder when h(-28) is divided by 24?
16
Let n = -1005 + 1013. Calculate the remainder when 3835 is divided by n.
3
Suppose -5*p + 4*j = 6*j - 23, 2*p + 3*j = 18. What is the remainder when ((p - 6) + 2 - 3) + 47 is divided by (1 - 5)*(-45)/12?
13
Let o = 20021 + -19419. Calculate the remainder when o is divided by 293.
16
Let g(b) = -b**2 - 3*b + 4. Let y be g(0). Suppose -3*w - 233 = -4*h, -122 = w + w + y*h. Let c = w + 170. Calculate the remainder when c is divided by 10.
9
Suppose 0*r - 5*r + 20 = 0. Let u be (-2)/(-2)*(r - 4). Suppose u = 3*q - 16 - 56. What is the remainder when 45 is divided by q?
21
Suppose -54*y + 863 - 269 = 0. Calculate the remainder when 43 is divided by y.
10
What is the remainder when 54 is divided by 32*((-3900)/(-160))/39?
14
Calculate the remainder when 217 is divided by (-106)/265*53/(-2)*20.
5
Suppose -1006*h + 75 = -1001*h. Suppose -5*l = 5*c - h, 2*c - 3*l - 31 = -0*c. What is the remainder when 14 is divided by c?
6
Let b be (2 - (-44)/(-16))*-4. Suppose 0 = -b*l + 56 - 17. What is the remainder when l is divided by 8/(-12)*54/(-4)?
4
Suppose 0 = 2*j - j - 12. Let c(f) = 4*f**3 - 39*f**2 + 34*f - 5. Calculate the remainder when c(9) is divided by j.
10
Suppose -4*w + 341 = u, -405 = -0*w - 5*w + 3*u. Suppose 4*q + 5*l = -19 + w, 4*l - 28 = -2*q. Calculate the remainder when 53 is divided by q.
13
Suppose -3*z + 111 = -4*x, 4*z = -x + 3*x + 138. Suppose 0 = -o - 8*o + 1755. Suppose -11*c = -26*c + o. What is the remainder when z is divided by c?
7
Let h(g) = 12*g + 81. What is the remainder when 419 is divided by h(-4)?
23
Let p(m) = -m**2 - 5*m + 6. Let v = 49 + -54. Suppose -8*t + 0*t + 168 = 0. What is the remainder when t is divided by p(v)?
3
Let n(f) = -8*f**3 - 2*f**2 - 80*f - 827. What is the remainder when n(-8) is divided by 6?
1
Let g(n) = 3*n - 35. Let z be g(19). Suppose z*x - 391 = 5*x. What is the remainder when x is divided by 8?
7
Let o(k) = -3*k**3 + 17*k**2 + k - 13. What is the remainder when 121 is divided by o(4)?
50
Let f be -32 - ((-12)/10)/((-27)/(-90)). What is the remainder when (-25)/20 + (-2331)/f is divided by (-2)/10 + 432/10?
39
Let z(b) = -2*b**2 + 102*b + 51. Calculate the remainder when z(38) is divided by 80.
79
Suppose -2*k = -t + 1258, -3184 - 588 = -3*t + 4*k. Calculate the remainder when t is divided by 625.
6
Suppose 5*l = -24 + 134. Suppose 2*n - 327 = -s, n - 114 = -s + 52. Suppose -5*d + n = -49. Calculate the remainder when d is divided by l.
20
Let q(h) = -2*h**2 - 2*h + 16. Let t(u) = u**2 - 9*u - 13. Let r be t(10). Let j be (-7 - -1) + 3 - r. Calculate the remainder when 63 is divided by q(j).
15
Let m be ((-2)/5)/((-2)/10). Suppose -2*g + 16 = m*g. Suppose 0 = -g*v + 28 - 16. Calculate the remainder when v is divided by 1.
0
Let t = -3692 - -3798. What is the remainder when 385 is divided by t?
67
Let c(i) = i**3 - 2*i**2 + 9*i - 91. Calculate the remainder when 607 is divided by c(5).
27
What is the remainder when (12/7)/(18180/(-4550) - -4) is divided by 369?
21
Suppose -43 + 23 = -5*z. Suppose 2*u - z*y - 24 = 0, 0 = 2*u + 4*y - 22 - 34. Calculate the remainder when 67 is divided by u.
7
Suppose -402 = 5*f - 8*f + o, -4*f + 3*o = -536. Let r = 12 - f. Let n = r - -125. Calculate the remainder when 9 is divided by n.
0
Let i(r) = r**3 - 2*r**2 - 87*r - 10. What is the remainder when i(-7) is divided by 15?
8
Let p be 5 + -3 + -14*4/8. What is the remainder when 322 is divided by (-1 - p) + 224/16?
16
Let s(y) = -y**3 + 8*y**2 + 2*y + 8. Let a = -641 - -404. Let x = 255 + a. Calculate the remainder when s(7) is divided by x.
17
Suppose q - 4*q - 3*y = -3, -29 = -5*q + 3*y. Suppose i - v = -0*v, v - 15 = -q*i. Let u(l) = l**3 + 7*l - 2. What is the remainder when u(i) is divided by 16?
14
Let p be 20/(-40) + 642/4. Let c = 288 - p. Let r = -20 + c. What is the remainder when r is divided by 16?
12
Let w(y) = 138*y - 2547. Calculate the remainder when 664 is divided by w(19).
64
Suppose 5*v = 9 + 6. Suppose v*x - 60 - 366 = 0. What is the remainder when x is divided by 12?
10
Calculate the remainder when (-4)/66 - (2 + 33668/(-132) + -12)